01675. Is d a composite number?
True
Is 15125330/66 + 9 + (-7)/(-3) prime?
False
Let h = -11235 + -25721. Let m be (-4)/(-24) - h/24. Let o = 2657 - m. Is o prime?
True
Suppose -5*u + 51 = 4*z, -4*u + 2*u + 6 = 0. Suppose z*y = 14575 + 3218. Is y a prime number?
False
Suppose -80*w + 93*w = 0. Suppose 3*b + 3 = w, 8848 = 2*q + 5*b - 13957. Is q a composite number?
True
Let v(d) be the third derivative of -473*d**4/12 + 3*d**3 - 33*d**2. Let k be v(-4). Suppose 16523 = 4*x + 5*n, -5*x - n + 16836 = -k. Is x a composite number?
False
Let k be ((-10)/(-4))/(-6 - (-78)/12). Suppose k*d - 2581 = 2464. Is d prime?
True
Let s(j) = 183*j**3 - 9*j**2 + 9*j - 145. Is s(8) composite?
False
Suppose 4*k + 3*r - 109462 = 0, 4*r = -2*k + 29835 + 24911. Is k prime?
True
Suppose 0 = -107*x + 4125495 + 3522544. Is x a prime number?
False
Let u(x) = -39*x**3 - 21*x**2 + 26*x + 355. Is u(-12) composite?
True
Let d(b) = 14*b - 8*b - 92 - 11*b - 72. Is d(-34) a composite number?
True
Let v = -109 - -99. Is (-11104)/v + 21/35 prime?
False
Let i = -235 - -236. Is i*3/9 - 300200/(-30) prime?
True
Let h(p) = p**2 - 11*p - 12. Let a be h(9). Is (-4)/a + (-3)/(360/(-4424)) a prime number?
True
Let b(k) = k - 4. Let g be b(4). Suppose 2*u + 6*j - 3304 = 4*j, g = -5*u + 2*j + 8253. Is u prime?
False
Suppose y - z = -19, -39 = 5*y + 2*z + 63. Let o be 2*((-59)/10 - y/50). Let v = o + 276. Is v prime?
False
Let q(p) = -15888*p + 101. Is q(-1) composite?
True
Suppose -5*s + 480 = 5*w, -w + 6*w - 512 = 3*s. Let y = w - -2403. Is y a composite number?
False
Is (16/96 + (-35)/30)*(0 + -137339) a composite number?
False
Suppose -11*o - 72025 = -16*o. Suppose -2*r + 7182 = 5*f - o, -5*r = -2*f + 8658. Is f a composite number?
True
Let g(l) = -l**3 + 4*l**2 - 4*l + 6. Let r be g(3). Suppose -r*f = -52 + 4. Is ((-586)/f)/(3/(-12))*2 a composite number?
False
Let o be (-30)/6 - -3 - -2. Suppose -4*u - 4*u + 5552 = o. Is u prime?
False
Suppose 0 = 2*k + 2*r - 3258, -3*k + 4892 = -14*r + 12*r. Let v be 2/5 - 33048/120. Let j = v + k. Is j composite?
True
Let b(c) = 17169*c**2 + 145*c + 135. Is b(-6) prime?
False
Let z(g) = 10*g**3 - g**2 + 12*g - 10. Let w be z(4). Let f = 4 - -8. Suppose 0 = -14*q + f*q + w. Is q prime?
True
Suppose 4*a + 2*h = 734852, 5*a - 14*h = -15*h + 918562. Suppose 6*g - 17666 - a = 0. Is g composite?
False
Let h = -15069 - -51368. Is h a composite number?
False
Suppose -l - 2*h = 6, 2*l = -2*h - 4 - 0. Let r(a) be the third derivative of 8*a**5/15 + a**4/12 - 5*a**3/6 + 4*a**2 + 94*a. Is r(l) composite?
False
Suppose 9*c - 10*c = -2*g + 354219, 4*c = -4. Is g composite?
False
Let n(r) = -211*r - 12. Let i be n(-25). Let t = i - 2042. Is t prime?
True
Let p(a) be the first derivative of -a**5/60 + 17*a**4/24 - 23*a**3/6 + 8*a**2 - 14. Let j(h) be the second derivative of p(h). Is j(14) composite?
False
Let i be ((-4)/(-2))/6*-15. Let r be ((-40)/(-50))/((-2)/i). Let d(z) = 28*z**3 - 2*z**2 + 3*z - 5. Is d(r) a prime number?
False
Let r(d) = 32*d**2 - 19*d - 19. Let x(y) = 14*y + 270. Let n be x(-20). Is r(n) prime?
True
Let x(k) = k**2 - 143*k - 453. Is x(-86) prime?
False
Let t(p) = 6*p - 9. Let o be t(2). Suppose 7*w + 5*j - 3022 = o*w, 757 = w + 2*j. Is w a prime number?
False
Suppose 0 = -0*j + j + 51. Let d = -46 - j. Suppose 0*c + c = -d*z + 138, 5*z = 3*c - 494. Is c a composite number?
True
Suppose -4*w + 2857 = -3*n, -n - w + 0*w = 950. Let l = 7792 - n. Is l a prime number?
False
Is 88581*(((-12)/21)/2)/(120/(-140)) prime?
True
Let h(q) = -3914*q - 4035. Is h(-77) composite?
True
Let p be -1073 - (3 - 0 - (3 - -1)). Let x = 8343 + p. Is x a prime number?
False
Let a(j) = -j**3 + j**2 + 4*j + 8. Let f be a(0). Suppose 0 = f*x + 45*x - 43195. Is x a prime number?
False
Let a = -116 - -119. Suppose 0 = a*s + 4*z - 4839, -2709 = -2*s + z + 528. Suppose -5*w + 0*c - c = -s, 3*c = 2*w - 640. Is w a composite number?
True
Suppose -4*f + 5*c + 2667214 = 0, -f + c = -92786 - 574019. Is f composite?
False
Suppose -8 = 4*d + 4*g, -d + 0*d = 3*g + 12. Suppose -12195 = -5*h - 4*q, -q = d*h - 6*q - 7280. Is h prime?
False
Suppose -5*y - 5 = -y - 5*z, 27 = -3*y - 4*z. Let b be 11905/(-25) - 5 - 1/y. Let g = -62 - b. Is g a composite number?
False
Let g(p) = 17*p**2 + 8*p - 15. Let y be g(-10). Let d(n) = n**2 - 5*n. Let f be d(5). Suppose f = 2*v - 733 - y. Is v a composite number?
True
Let q = -1 + 9. Let o(p) = -334*p + 111. Let r(m) = 227*m - 74. Let s(g) = -5*o(g) - 7*r(g). Is s(q) prime?
False
Let f(i) = -i**3 - 11*i**2 - 8*i - 34. Let n be f(-9). Suppose -4*l + 1132 = 3*y, -2*l + y + 2*y + 566 = 0. Let g = n + l. Is g a composite number?
True
Suppose 26*r + 34*r = 84*r - 4044552. Is r a composite number?
False
Let t(v) = 21*v**2 + 19*v - 59. Let m be t(-19). Is 1*-1*m/(-21) a composite number?
True
Suppose n = f + 1, -2 - 7 = 3*n + 3*f. Let l be (n/(-1 - 0))/((-9)/108). Is 849/11 + l/66 a prime number?
False
Is 1/((-2)/(-1046413))*6 a prime number?
False
Suppose 0 = -4*l, 2*l = 4*w - 106766 - 260299 + 10525. Is w composite?
True
Let v(q) be the second derivative of 2*q**5/5 - q**4/2 - 4*q**3/3 + 35*q**2/2 - 7*q + 6. Is v(7) composite?
True
Let n = 158129 + -54876. Is n a composite number?
True
Let m(n) = 3*n + 6. Let f(v) = -v**2 - 8*v - 18. Let t(b) = -2*f(b) - 7*m(b). Let c be t(3). Is (-3)/(-9)*c*(-1 + -742) a prime number?
True
Let k = 1449 + -2593. Suppose 2*u = u + 1665. Let f = k + u. Is f a prime number?
True
Let l(x) be the third derivative of 887*x**8/20160 + x**7/2520 - x**6/360 + 4*x**5/15 + 14*x**2. Let p(k) be the third derivative of l(k). Is p(1) composite?
False
Let q = -209091 + 365710. Is q a prime number?
True
Let k = 305 + 563. Suppose 5213 + 3437 = 2*v. Suppose 0 = 5*q + 2*x - v, q = -4*x + 3*x + k. Is q prime?
True
Suppose 0 = 5*y - 2337 + 20497. Let j = 5431 + y. Is j a prime number?
False
Let d(t) = -298*t**2 + 2*t + 182579. Is d(0) prime?
True
Let u(s) be the first derivative of 272*s**3/3 + 3*s**2/2 - 3*s - 7. Let h be u(1). Suppose 0 = -m - 3*d + h, 3*m - 1280 = -2*m + d. Is m composite?
False
Let r be -3 - 1 - (-36)/4. Let m(w) = 696*w - 25. Let u be m(r). Suppose -10*t = -15*t + u. Is t a composite number?
False
Suppose -11 = -5*q + 14, 3*p - 32973 = -3*q. Let s = -7199 + p. Is s a composite number?
True
Let f be 0/1 + (-6 - 11). Suppose -3885 = -5*v - 30*v. Let n = f + v. Is n composite?
True
Let m(s) = 1012*s**2 - 151*s - 142. Is m(17) a composite number?
False
Let v(w) = -8*w - 16. Let a be v(-5). Suppose -2*q + 836 - a = 0. Suppose -q = -2*b - 2*n, 3*b + 7*n - 3*n = 611. Is b a composite number?
True
Suppose 0 = -3*l + 14 + 10. Let j be ((-2247)/4)/(-7) - 2/l. Let p = 375 - j. Is p a composite number?
True
Suppose 2 = -u - 0*u - 4*s, -5*u - 2*s = -8. Let f(a) = a - 21. Let y be f(24). Suppose y*z = u*z + 4*p + 267, -589 = -2*z - 3*p. Is z a prime number?
False
Let y = -1452 + -11008. Let j = y + 39587. Is j prime?
True
Let j be (-1 - -1)/(-17 + 15). Suppose 0 = -j*g + 2*g - 6906. Is g composite?
True
Let x(o) = 118*o + 215. Let h be (3 - 1) + -3 + (31 - 14). Is x(h) a prime number?
False
Suppose 0 = -3*r + 18*r - 3506257 + 543562. Is r composite?
True
Let c(u) = 71252*u**3 - 14*u**2 + 6*u + 77. Is c(3) a composite number?
True
Let w(g) = -413*g**2 - 4*g + 15. Let s be w(-9). Is (-1 - (-2)/(-4))*s/171 a prime number?
True
Let q(l) = 747*l**2 - 26*l - 13. Is q(-12) a prime number?
True
Let h(p) = -p**2 - 3*p + 7. Suppose -5*j + 10*j = 50. Let l be h(j). Is (-2)/(6 + -4)*l a composite number?
True
Let z(a) = -190*a**3 + 5*a**2 - 10*a + 5. Let x be z(3). Let f = -2623 - x. Is f composite?
True
Let b = -467866 - -982707. Is b a composite number?
False
Let n(f) = 12610*f**2 + 82*f - 81. Is n(1) prime?
True
Suppose 7 = b - 2. Let w(r) = -2*r**2 + 19*r - 30. Let z be w(b). Is (19838/z)/(2/(-3)) a prime number?
False
Let g = -12191 + 18104. Is g + (-7)/(28/8) a composite number?
True
Let w = -275 - -123. Let m = -256 + w. Is 6*(4/(-6))/(32/m) prime?
False
Let m = 78075 + -14834. Is m prime?
True
Let j be (-1)/((-3)/(-18648)*4). Let t = j - -43. Let u = 2610 + t. Is u composite?
True
Is (-1030517015)/(-1375) - 2/(-25) a prime number?
True
Let u(a) be the first derivative of 3/2*a**2 - 1/2*a**4 - 19/3*a**3 + 15*a - 2. Is u(-13) prime